{"id":183,"date":"2025-03-20T11:13:09","date_gmt":"2025-03-20T09:13:09","guid":{"rendered":"https:\/\/today.fi\/?page_id=183"},"modified":"2025-06-03T10:19:34","modified_gmt":"2025-06-03T08:19:34","slug":"183-2","status":"publish","type":"page","link":"https:\/\/today.fi\/?page_id=183","title":{"rendered":"Maksuehdot"},"content":{"rendered":"<p>[et_pb_section fb_built=&#8221;1&#8243; _builder_version=&#8221;4.21.0&#8243; _module_preset=&#8221;default&#8221; global_colors_info=&#8221;{}&#8221;][et_pb_row _builder_version=&#8221;4.21.0&#8243; _module_preset=&#8221;default&#8221; global_colors_info=&#8221;{}&#8221;][et_pb_column type=&#8221;4_4&#8243; _builder_version=&#8221;4.21.0&#8243; _module_preset=&#8221;default&#8221; global_colors_info=&#8221;{}&#8221;][et_pb_text _builder_version=&#8221;4.21.0&#8243; _module_preset=&#8221;default&#8221; global_colors_info=&#8221;{}&#8221;]<\/p>\n<div class=\"fusion-title title fusion-title-1 fusion-sep-none fusion-title-text fusion-title-size-one fusion-border-below-title\">\n<h1 class=\"title-heading-left fusion-responsive-typography-calculated\" data-fontsize=\"45\" data-lineheight=\"54px\">Maksuehdot<\/h1>\n<\/div>\n<div class=\"fusion-text fusion-text-1\">\n<h3 data-fontsize=\"32\" data-lineheight=\"41.6px\" class=\"fusion-responsive-typography-calculated\">Checkout<\/h3>\n<p>Checkout on sinulle turvallinen maksutapa. Palvelulla on Finanssivalvonnan my\u00f6nt\u00e4m\u00e4 maksulaitostoimilupa. Palvelu on Checkout Finland Oy:n (y-tunnus 2196606-6) yll\u00e4pit\u00e4m\u00e4 palvelu ja Checkout Finland Oy on osa OP Ryhm\u00e4\u00e4.<\/p>\n<p>Checkout-maksunv\u00e4lityspalvelu v\u00e4litt\u00e4\u00e4 maksusi kauppiaalle. Mik\u00e4li tiliotteellasi tai luottokorttilaskullasi n\u00e4kyy Checkout Finland Oy, olemme v\u00e4litt\u00e4neet maksusi.<\/p>\n<p>Verkkokauppa toimii tuotteiden ja palveluiden markkinoijana sek\u00e4 tuotteiden toimittajana asiakkaalle. Verkkokauppa huolehtii kauppaan liittyvist\u00e4 lakis\u00e4\u00e4teisist\u00e4 sek\u00e4 itse m\u00e4\u00e4rittelemist\u00e4\u00e4n muista velvoitteista. Mik\u00e4li haluat reklamoida tai palauttaa tuotteen, sinun kannattaa olla yhteydess\u00e4 suoraan verkkokauppaan, josta tuote on tilattu.<\/p>\n<h3 data-fontsize=\"32\" data-lineheight=\"41.6px\" class=\"fusion-responsive-typography-calculated\">Pankkimaksut<\/h3>\n<p>K\u00e4yt\u00f6ss\u00e4si on kaikkien suomalaisten pankkien maksupainikkeet. Voit maksaa Aktian, Danske Bankin, Handelsbankenin, Nordean, Oma S\u00e4\u00e4st\u00f6pankin, Osuuspankin, POP-pankin, S\u00e4\u00e4st\u00f6pankin, S-pankin ja \u00c5landsbankenin maksupainikkeilla. Tiliotteellasi maksunsaajana n\u00e4kyy Checkout Finland Oy, me v\u00e4lit\u00e4mme maksusi verkkokauppiaalle. Verkkokaupasta sinut ohjataan suoraan omaan pankkiisi suorittamaan maksu turvallisesti.<\/p>\n<p>Maksutoimeksiantopalvelua k\u00e4ytt\u00e4ess\u00e4si sinua sitoo seuraavat ehdot:<span>\u00a0<\/span><a href=\"https:\/\/cdn2.hubspot.net\/hubfs\/2610868\/checkout\/ehdot-ja-sopimukset\/Checkout-maksutoimeksiantopalvelun-ehdot.pdf\" target=\"_blank\" rel=\"noopener noreferrer\">Maksutoimeksiantopalvelun ehdot.<\/a><\/p>\n<h3 data-fontsize=\"32\" data-lineheight=\"41.6px\" class=\"fusion-responsive-typography-calculated\">Luottokorttimaksut<\/h3>\n<p><span id=\"hs_cos_wrapper_module_1540371956065468\" class=\"hs_cos_wrapper hs_cos_wrapper_widget_container hs_cos_wrapper_type_widget_container\" data-hs-cos-general-type=\"widget_container\" data-hs-cos-type=\"widget_container\"><span id=\"hs_cos_wrapper_widget_10842254048_\" class=\"hs_cos_wrapper hs_cos_wrapper_widget hs_cos_wrapper_type_rich_text\" data-hs-cos-general-type=\"widget\" data-hs-cos-type=\"rich_text\">Voit maksaa verkkokaupassa Visa-, Visa Debit-, Visa Electron-, MasterCard-, Debit MasterCard \u2013 ja American Express -korteilla. Verkkokaupassa ovat k\u00e4yt\u00f6ss\u00e4 kansainv\u00e4liset Verified by Visa -, MasterCard SecureCode \u2013 ja American Express SafeKey -todentamispalvelut. Checkout n\u00e4kyy maksun saajana korttilaskulla ja v\u00e4litt\u00e4\u00e4 asiakkaan maksaman maksukorttimaksun suoraan kauppiaalle. Korttimaksaminen tapahtuu turvallisesti suojatulla maksulomakkeella eik\u00e4 maksukortin tietoja tallenneta verkkokaupan j\u00e4rjestelmiin.<\/span><\/span><\/p>\n<h3 data-fontsize=\"32\" data-lineheight=\"41.6px\" class=\"fusion-responsive-typography-calculated\">Mobiilimaksutavat<\/h3>\n<p><span id=\"hs_cos_wrapper_module_1540371956065468\" class=\"hs_cos_wrapper hs_cos_wrapper_widget_container hs_cos_wrapper_type_widget_container\" data-hs-cos-general-type=\"widget_container\" data-hs-cos-type=\"widget_container\"><span id=\"hs_cos_wrapper_widget_10842254048_\" class=\"hs_cos_wrapper hs_cos_wrapper_widget hs_cos_wrapper_type_rich_text\" data-hs-cos-general-type=\"widget\" data-hs-cos-type=\"rich_text\">Mobiilimaksutavat Pivo ja Siirto ovat sovelluksessa toimivia palveluita, joilla voi maksaa verkko-ostoksia tilisiirtona tililt\u00e4\u00e4n tai korttimaksuna kortiltaan hyv\u00e4ksym\u00e4ll\u00e4 maksun kyseisess\u00e4 sovelluksessa. Pivolla onnistuvat lis\u00e4ksi Siirto-maksut, jolloin maksun voi hyv\u00e4ksy\u00e4 miss\u00e4 tahansa Siirtoa tukevassa sovelluksessa.<\/span><\/span><\/p>\n<p><a href=\"https:\/\/pivo.fi\/kayttoehdot\/pivon-kayttoehdot\" target=\"_blank\" rel=\"noopener noreferrer\">Pivon k\u00e4ytt\u00f6ehdot<\/a><br \/><a href=\"https:\/\/mobilepay.fi\/asiakastuki\/ehdot\" target=\"_blank\" rel=\"noopener noreferrer\">MobilePayn maksuehdot<\/a><br \/><a href=\"https:\/\/uusi.op.fi\/tac?did=Hemak0000002717&amp;cs=7f653641d3fb31069e9e2eb71e9f141460575b214e26ed07a802a3c54e87b77a\" target=\"_blank\" rel=\"noopener noreferrer\">OP:n yleiset euromaksuehdot<\/a><span>\u00a0<\/span>(Siirto)<br \/><a href=\"https:\/\/www.nordea.fi\/Images\/146-173247\/siirto-ehdot-fi.pdf\" target=\"_blank\" rel=\"noopener noreferrer\">Siirto-palvelun k\u00e4ytt\u00f6ehdot Nordealla<\/a><\/p>\n<\/div>\n<p>[\/et_pb_text][\/et_pb_column][\/et_pb_row][\/et_pb_section]<\/p>\n","protected":false},"excerpt":{"rendered":"<p>Maksuehdot Checkout Checkout on sinulle turvallinen maksutapa. Palvelulla on Finanssivalvonnan my\u00f6nt\u00e4m\u00e4 maksulaitostoimilupa. Palvelu on Checkout Finland Oy:n (y-tunnus 2196606-6) yll\u00e4pit\u00e4m\u00e4 palvelu ja Checkout Finland Oy on osa OP Ryhm\u00e4\u00e4. Checkout-maksunv\u00e4lityspalvelu v\u00e4litt\u00e4\u00e4 maksusi kauppiaalle. Mik\u00e4li tiliotteellasi tai luottokorttilaskullasi n\u00e4kyy Checkout Finland Oy, olemme v\u00e4litt\u00e4neet maksusi. Verkkokauppa toimii tuotteiden ja palveluiden markkinoijana sek\u00e4 tuotteiden toimittajana asiakkaalle. Verkkokauppa [&hellip;]<\/p>\n","protected":false},"author":1,"featured_media":0,"parent":0,"menu_order":0,"comment_status":"closed","ping_status":"closed","template":"","meta":{"_et_pb_use_builder":"on","_et_pb_old_content":"","_et_gb_content_width":"","footnotes":""},"class_list":["post-183","page","type-page","status-publish","hentry"],"jetpack_sharing_enabled":true,"_links":{"self":[{"href":"https:\/\/today.fi\/index.php?rest_route=\/wp\/v2\/pages\/183","targetHints":{"allow":["GET"]}}],"collection":[{"href":"https:\/\/today.fi\/index.php?rest_route=\/wp\/v2\/pages"}],"about":[{"href":"https:\/\/today.fi\/index.php?rest_route=\/wp\/v2\/types\/page"}],"author":[{"embeddable":true,"href":"https:\/\/today.fi\/index.php?rest_route=\/wp\/v2\/users\/1"}],"replies":[{"embeddable":true,"href":"https:\/\/today.fi\/index.php?rest_route=%2Fwp%2Fv2%2Fcomments&post=183"}],"version-history":[{"count":4,"href":"https:\/\/today.fi\/index.php?rest_route=\/wp\/v2\/pages\/183\/revisions"}],"predecessor-version":[{"id":528,"href":"https:\/\/today.fi\/index.php?rest_route=\/wp\/v2\/pages\/183\/revisions\/528"}],"wp:attachment":[{"href":"https:\/\/today.fi\/index.php?rest_route=%2Fwp%2Fv2%2Fmedia&parent=183"}],"curies":[{"name":"wp","href":"https:\/\/api.w.org\/{rel}","templated":true}]}}