{"id":1688,"date":"2025-09-11T19:31:08","date_gmt":"2025-09-11T17:31:08","guid":{"rendered":"https:\/\/today.fi\/?post_type=product&#038;p=1688"},"modified":"2026-02-25T14:36:32","modified_gmt":"2026-02-25T12:36:32","slug":"hy5335-leo-laukku","status":"publish","type":"product","link":"https:\/\/today.fi\/?product=hy5335-leo-laukku","title":{"rendered":"Hy5335 Leo-laukku"},"content":{"rendered":"<p>Pinta: Keinomateriaali<\/p>\n<p>Vuori: Vaaleatekstiili<\/p>\n<p>Hihna: Irrotettava, s\u00e4\u00e4dett\u00e4v\u00e4 tekstiilihihna.<\/p>\n<p>Kaksi eri osiota.<\/p>\n<p>Sopiva koko kukkarolle, k\u00e4nnyk\u00e4lle jne.<\/p>\n<p>Leveys: 22cm<\/p>\n<p>Korkeus: 18cm<\/p>\n","protected":false},"excerpt":{"rendered":"<p>Pinta: Keinomateriaali Vuori: Vaaleatekstiili Hihna: Irrotettava, s\u00e4\u00e4dett\u00e4v\u00e4 tekstiilihihna. Kaksi eri osiota. Sopiva koko kukkarolle, k\u00e4nnyk\u00e4lle jne. Leveys: 22cm Korkeus: 18cm<\/p>\n","protected":false},"featured_media":1707,"comment_status":"closed","ping_status":"closed","template":"","meta":{"_et_pb_use_builder":"","_et_pb_old_content":"","_et_gb_content_width":""},"product_brand":[],"product_cat":[17],"product_tag":[],"class_list":{"0":"post-1688","1":"product","2":"type-product","3":"status-publish","4":"has-post-thumbnail","6":"product_cat-laukut","8":"first","9":"outofstock","10":"taxable","11":"shipping-taxable","12":"purchasable","13":"product-type-variable"},"jetpack_sharing_enabled":true,"_links":{"self":[{"href":"https:\/\/today.fi\/index.php?rest_route=\/wp\/v2\/product\/1688","targetHints":{"allow":["GET"]}}],"collection":[{"href":"https:\/\/today.fi\/index.php?rest_route=\/wp\/v2\/product"}],"about":[{"href":"https:\/\/today.fi\/index.php?rest_route=\/wp\/v2\/types\/product"}],"replies":[{"embeddable":true,"href":"https:\/\/today.fi\/index.php?rest_route=%2Fwp%2Fv2%2Fcomments&post=1688"}],"wp:featuredmedia":[{"embeddable":true,"href":"https:\/\/today.fi\/index.php?rest_route=\/wp\/v2\/media\/1707"}],"wp:attachment":[{"href":"https:\/\/today.fi\/index.php?rest_route=%2Fwp%2Fv2%2Fmedia&parent=1688"}],"wp:term":[{"taxonomy":"product_brand","embeddable":true,"href":"https:\/\/today.fi\/index.php?rest_route=%2Fwp%2Fv2%2Fproduct_brand&post=1688"},{"taxonomy":"product_cat","embeddable":true,"href":"https:\/\/today.fi\/index.php?rest_route=%2Fwp%2Fv2%2Fproduct_cat&post=1688"},{"taxonomy":"product_tag","embeddable":true,"href":"https:\/\/today.fi\/index.php?rest_route=%2Fwp%2Fv2%2Fproduct_tag&post=1688"}],"curies":[{"name":"wp","href":"https:\/\/api.w.org\/{rel}","templated":true}]}}