{"id":1881,"date":"2025-09-29T10:40:29","date_gmt":"2025-09-29T08:40:29","guid":{"rendered":"https:\/\/today.fi\/?post_type=product&#038;p=1881"},"modified":"2026-03-25T13:49:30","modified_gmt":"2026-03-25T11:49:30","slug":"2909-neulemekko-huppari","status":"publish","type":"product","link":"https:\/\/today.fi\/?product=2909-neulemekko-huppari","title":{"rendered":"2909 Neulemekko huppari"},"content":{"rendered":"<p>Onesize (M-XL).<\/p>\n<p>45% modal, 30%viskoosi, 15%angora, 10%elastaani.<\/p>\n<p>Pehme\u00e4, mielytt\u00e4v\u00e4 materiaali. Ei kutita.<\/p>\n<p>Edess\u00e4 taskut.<\/p>\n<p>Kai-kai venytt\u00e4m\u00e4tt\u00e4 55cm, venytettyn\u00e4 65cm.<\/p>\n<p>Olka-helma 98cm.<\/p>\n<p>&nbsp;<\/p>\n","protected":false},"excerpt":{"rendered":"<p>Onesize (M-XL). 45% modal, 30%viskoosi, 15%angora, 10%elastaani. Pehme\u00e4, mielytt\u00e4v\u00e4 materiaali. Ei kutita. Edess\u00e4 taskut. Kai-kai venytt\u00e4m\u00e4tt\u00e4 55cm, venytettyn\u00e4 65cm. Olka-helma 98cm. &nbsp;<\/p>\n","protected":false},"featured_media":1874,"comment_status":"closed","ping_status":"closed","template":"","meta":{"_et_pb_use_builder":"","_et_pb_old_content":"","_et_gb_content_width":""},"product_brand":[],"product_cat":[25],"product_tag":[],"class_list":{"0":"post-1881","1":"product","2":"type-product","3":"status-publish","4":"has-post-thumbnail","6":"product_cat-mekot","8":"first","9":"instock","10":"taxable","11":"shipping-taxable","12":"purchasable","13":"product-type-variable"},"jetpack_sharing_enabled":true,"_links":{"self":[{"href":"https:\/\/today.fi\/index.php?rest_route=\/wp\/v2\/product\/1881","targetHints":{"allow":["GET"]}}],"collection":[{"href":"https:\/\/today.fi\/index.php?rest_route=\/wp\/v2\/product"}],"about":[{"href":"https:\/\/today.fi\/index.php?rest_route=\/wp\/v2\/types\/product"}],"replies":[{"embeddable":true,"href":"https:\/\/today.fi\/index.php?rest_route=%2Fwp%2Fv2%2Fcomments&post=1881"}],"wp:featuredmedia":[{"embeddable":true,"href":"https:\/\/today.fi\/index.php?rest_route=\/wp\/v2\/media\/1874"}],"wp:attachment":[{"href":"https:\/\/today.fi\/index.php?rest_route=%2Fwp%2Fv2%2Fmedia&parent=1881"}],"wp:term":[{"taxonomy":"product_brand","embeddable":true,"href":"https:\/\/today.fi\/index.php?rest_route=%2Fwp%2Fv2%2Fproduct_brand&post=1881"},{"taxonomy":"product_cat","embeddable":true,"href":"https:\/\/today.fi\/index.php?rest_route=%2Fwp%2Fv2%2Fproduct_cat&post=1881"},{"taxonomy":"product_tag","embeddable":true,"href":"https:\/\/today.fi\/index.php?rest_route=%2Fwp%2Fv2%2Fproduct_tag&post=1881"}],"curies":[{"name":"wp","href":"https:\/\/api.w.org\/{rel}","templated":true}]}}