{"id":2054,"date":"2025-11-07T17:10:12","date_gmt":"2025-11-07T15:10:12","guid":{"rendered":"https:\/\/today.fi\/?post_type=product&#038;p=2054"},"modified":"2026-03-04T10:59:30","modified_gmt":"2026-03-04T08:59:30","slug":"cy-03-teddylippis","status":"publish","type":"product","link":"https:\/\/today.fi\/?product=cy-03-teddylippis","title":{"rendered":"CY-03 TeddyLippis"},"content":{"rendered":"<p>70% polyester, 30%villa<\/p>\n<p>Onesize<\/p>\n<p>Irrotettava karvatupsu.<\/p>\n<p>S\u00e4\u00e4dett\u00e4v\u00e4 p\u00e4\u00e4nymp\u00e4rys.<\/p>\n<p>Sopii hyvin p\u00e4\u00e4h\u00e4n.<\/p>\n","protected":false},"excerpt":{"rendered":"<p>70% polyester, 30%villa Onesize Irrotettava karvatupsu. S\u00e4\u00e4dett\u00e4v\u00e4 p\u00e4\u00e4nymp\u00e4rys. Sopii hyvin p\u00e4\u00e4h\u00e4n.<\/p>\n","protected":false},"featured_media":2070,"comment_status":"closed","ping_status":"closed","template":"","meta":{"_et_pb_use_builder":"","_et_pb_old_content":"","_et_gb_content_width":""},"product_brand":[],"product_cat":[41],"product_tag":[],"class_list":{"0":"post-2054","1":"product","2":"type-product","3":"status-publish","4":"has-post-thumbnail","6":"product_cat-ale","8":"first","9":"instock","10":"taxable","11":"shipping-taxable","12":"purchasable","13":"product-type-variable"},"jetpack_sharing_enabled":true,"_links":{"self":[{"href":"https:\/\/today.fi\/index.php?rest_route=\/wp\/v2\/product\/2054","targetHints":{"allow":["GET"]}}],"collection":[{"href":"https:\/\/today.fi\/index.php?rest_route=\/wp\/v2\/product"}],"about":[{"href":"https:\/\/today.fi\/index.php?rest_route=\/wp\/v2\/types\/product"}],"replies":[{"embeddable":true,"href":"https:\/\/today.fi\/index.php?rest_route=%2Fwp%2Fv2%2Fcomments&post=2054"}],"wp:featuredmedia":[{"embeddable":true,"href":"https:\/\/today.fi\/index.php?rest_route=\/wp\/v2\/media\/2070"}],"wp:attachment":[{"href":"https:\/\/today.fi\/index.php?rest_route=%2Fwp%2Fv2%2Fmedia&parent=2054"}],"wp:term":[{"taxonomy":"product_brand","embeddable":true,"href":"https:\/\/today.fi\/index.php?rest_route=%2Fwp%2Fv2%2Fproduct_brand&post=2054"},{"taxonomy":"product_cat","embeddable":true,"href":"https:\/\/today.fi\/index.php?rest_route=%2Fwp%2Fv2%2Fproduct_cat&post=2054"},{"taxonomy":"product_tag","embeddable":true,"href":"https:\/\/today.fi\/index.php?rest_route=%2Fwp%2Fv2%2Fproduct_tag&post=2054"}],"curies":[{"name":"wp","href":"https:\/\/api.w.org\/{rel}","templated":true}]}}