{"id":2157,"date":"2025-11-28T11:16:40","date_gmt":"2025-11-28T09:16:40","guid":{"rendered":"https:\/\/today.fi\/?post_type=product&#038;p=2157"},"modified":"2026-01-02T10:45:43","modified_gmt":"2026-01-02T08:45:43","slug":"123-1-tahti-pipo","status":"publish","type":"product","link":"https:\/\/today.fi\/?product=123-1-tahti-pipo","title":{"rendered":"123-1 T\u00e4hti-pipo"},"content":{"rendered":"<p>70% acryl, 30%villa.<\/p>\n<p>L\u00e4mmin,pehme\u00e4 fleecevuori.<\/p>\n<p>Ei kutita ja on l\u00e4mmin.<\/p>\n<p>Edess\u00f6 kiva blingis t\u00e4htikuvio.<\/p>\n<p>Kaunis karvatupsu.<\/p>\n","protected":false},"excerpt":{"rendered":"<p>70% acryl, 30%villa. L\u00e4mmin,pehme\u00e4 fleecevuori. Ei kutita ja on l\u00e4mmin. Edess\u00f6 kiva blingis t\u00e4htikuvio. Kaunis karvatupsu.<\/p>\n","protected":false},"featured_media":2169,"comment_status":"closed","ping_status":"closed","template":"","meta":{"_et_pb_use_builder":"","_et_pb_old_content":"","_et_gb_content_width":""},"product_brand":[],"product_cat":[41],"product_tag":[],"class_list":{"0":"post-2157","1":"product","2":"type-product","3":"status-publish","4":"has-post-thumbnail","6":"product_cat-ale","8":"first","9":"instock","10":"taxable","11":"shipping-taxable","12":"purchasable","13":"product-type-variable"},"jetpack_sharing_enabled":true,"_links":{"self":[{"href":"https:\/\/today.fi\/index.php?rest_route=\/wp\/v2\/product\/2157","targetHints":{"allow":["GET"]}}],"collection":[{"href":"https:\/\/today.fi\/index.php?rest_route=\/wp\/v2\/product"}],"about":[{"href":"https:\/\/today.fi\/index.php?rest_route=\/wp\/v2\/types\/product"}],"replies":[{"embeddable":true,"href":"https:\/\/today.fi\/index.php?rest_route=%2Fwp%2Fv2%2Fcomments&post=2157"}],"wp:featuredmedia":[{"embeddable":true,"href":"https:\/\/today.fi\/index.php?rest_route=\/wp\/v2\/media\/2169"}],"wp:attachment":[{"href":"https:\/\/today.fi\/index.php?rest_route=%2Fwp%2Fv2%2Fmedia&parent=2157"}],"wp:term":[{"taxonomy":"product_brand","embeddable":true,"href":"https:\/\/today.fi\/index.php?rest_route=%2Fwp%2Fv2%2Fproduct_brand&post=2157"},{"taxonomy":"product_cat","embeddable":true,"href":"https:\/\/today.fi\/index.php?rest_route=%2Fwp%2Fv2%2Fproduct_cat&post=2157"},{"taxonomy":"product_tag","embeddable":true,"href":"https:\/\/today.fi\/index.php?rest_route=%2Fwp%2Fv2%2Fproduct_tag&post=2157"}],"curies":[{"name":"wp","href":"https:\/\/api.w.org\/{rel}","templated":true}]}}