{"id":2212,"date":"2025-12-05T13:11:32","date_gmt":"2025-12-05T11:11:32","guid":{"rendered":"https:\/\/today.fi\/?post_type=product&#038;p=2212"},"modified":"2026-02-26T18:24:26","modified_gmt":"2026-02-26T16:24:26","slug":"th-6072-lammin-housu","status":"publish","type":"product","link":"https:\/\/today.fi\/?product=th-6072-lammin-housu","title":{"rendered":"TH-6072 L\u00e4mmin housu"},"content":{"rendered":"<p>92% Polyester, 8%elastaani.<\/p>\n<p>Kuminauha vy\u00f6t\u00e4r\u00f6.<\/p>\n<p>Taskut edess\u00e4 ja takana.<\/p>\n<p>L\u00e4mmin Fleecevuori.<\/p>\n<p>2XL (vastaa noin kokoa 38). Vy\u00f6t\u00e4r\u00f6 venytt\u00e4m\u00e4tt\u00e4 72cm, venytettyn\u00e4 94cm. Lantio venytettyn\u00e4 noin 110cm. Lahkeen sis\u00e4mitta 74cm.<\/p>\n<p>3XL (vastaa noin kokoa 40). Vy\u00f6t\u00e4r\u00f6 venytt\u00e4m\u00e4tt\u00e4 80cm ja venytettyn\u00e4 104cm. Lantio venytettyn\u00e4 116cm. Lahkeen sis\u00e4mitta 74cm.<\/p>\n<p>4XL (vastaa noin kokoa 42). Vy\u00f6t\u00e4r\u00f6 venytt\u00e4m\u00e4tt\u00e4 84cm ja venytettyn\u00e4 110cm. Lantio venytettyn\u00e4 118cm. Lahkeen sis\u00e4mitta 74cm.<\/p>\n<p>5XL\/6XL (vastaa noin kokoa 44). Vy\u00f6t\u00e4r\u00f6 venytt\u00e4m\u00e4tt\u00e4 88cm ja venytettyn\u00e4 118cm. Lantio venytettyn\u00e4 120cm. Lahkeen sis\u00e4mitta 74cm.<\/p>\n","protected":false},"excerpt":{"rendered":"<p>92% Polyester, 8%elastaani. Kuminauha vy\u00f6t\u00e4r\u00f6. Taskut edess\u00e4 ja takana. L\u00e4mmin Fleecevuori. 2XL (vastaa noin kokoa 38). Vy\u00f6t\u00e4r\u00f6 venytt\u00e4m\u00e4tt\u00e4 72cm, venytettyn\u00e4 94cm. Lantio venytettyn\u00e4 noin 110cm. Lahkeen sis\u00e4mitta 74cm. 3XL (vastaa noin kokoa 40). Vy\u00f6t\u00e4r\u00f6 venytt\u00e4m\u00e4tt\u00e4 80cm ja venytettyn\u00e4 104cm. Lantio venytettyn\u00e4 116cm. Lahkeen sis\u00e4mitta 74cm. 4XL (vastaa noin kokoa 42). Vy\u00f6t\u00e4r\u00f6 venytt\u00e4m\u00e4tt\u00e4 84cm ja venytettyn\u00e4 [&hellip;]<\/p>\n","protected":false},"featured_media":1978,"comment_status":"closed","ping_status":"closed","template":"","meta":{"_et_pb_use_builder":"","_et_pb_old_content":"","_et_gb_content_width":""},"product_brand":[],"product_cat":[22],"product_tag":[],"class_list":{"0":"post-2212","1":"product","2":"type-product","3":"status-publish","4":"has-post-thumbnail","6":"product_cat-housut","8":"first","9":"outofstock","10":"taxable","11":"shipping-taxable","12":"purchasable","13":"product-type-variable"},"jetpack_sharing_enabled":true,"_links":{"self":[{"href":"https:\/\/today.fi\/index.php?rest_route=\/wp\/v2\/product\/2212","targetHints":{"allow":["GET"]}}],"collection":[{"href":"https:\/\/today.fi\/index.php?rest_route=\/wp\/v2\/product"}],"about":[{"href":"https:\/\/today.fi\/index.php?rest_route=\/wp\/v2\/types\/product"}],"replies":[{"embeddable":true,"href":"https:\/\/today.fi\/index.php?rest_route=%2Fwp%2Fv2%2Fcomments&post=2212"}],"wp:featuredmedia":[{"embeddable":true,"href":"https:\/\/today.fi\/index.php?rest_route=\/wp\/v2\/media\/1978"}],"wp:attachment":[{"href":"https:\/\/today.fi\/index.php?rest_route=%2Fwp%2Fv2%2Fmedia&parent=2212"}],"wp:term":[{"taxonomy":"product_brand","embeddable":true,"href":"https:\/\/today.fi\/index.php?rest_route=%2Fwp%2Fv2%2Fproduct_brand&post=2212"},{"taxonomy":"product_cat","embeddable":true,"href":"https:\/\/today.fi\/index.php?rest_route=%2Fwp%2Fv2%2Fproduct_cat&post=2212"},{"taxonomy":"product_tag","embeddable":true,"href":"https:\/\/today.fi\/index.php?rest_route=%2Fwp%2Fv2%2Fproduct_tag&post=2212"}],"curies":[{"name":"wp","href":"https:\/\/api.w.org\/{rel}","templated":true}]}}