{"id":2232,"date":"2025-12-12T10:15:28","date_gmt":"2025-12-12T08:15:28","guid":{"rendered":"https:\/\/today.fi\/?post_type=product&#038;p=2232"},"modified":"2026-03-25T13:41:08","modified_gmt":"2026-03-25T11:41:08","slug":"yd9362-laukku","status":"publish","type":"product","link":"https:\/\/today.fi\/?product=yd9362-laukku","title":{"rendered":"YD9362 Laukku"},"content":{"rendered":"<p>Pinta: Nupukkimainen keinomateriaali<\/p>\n<p>Vuori: Tekstiili<\/p>\n<p>Mukana s\u00e4\u00e4dett\u00e4v\u00e4, irrotettava tekstiilihihna.<\/p>\n<p>Paljon taskuja. Osasssa vetoketju.<\/p>\n<p>Laukku sis\u00e4lt\u00e4 kaksiosainen.<\/p>\n<p>Leveys: 42cm. Korkeus: 35cm.<\/p>\n<p>&nbsp;<\/p>\n","protected":false},"excerpt":{"rendered":"<p>Pinta: Nupukkimainen keinomateriaali Vuori: Tekstiili Mukana s\u00e4\u00e4dett\u00e4v\u00e4, irrotettava tekstiilihihna. Paljon taskuja. Osasssa vetoketju. Laukku sis\u00e4lt\u00e4 kaksiosainen. Leveys: 42cm. Korkeus: 35cm. &nbsp;<\/p>\n","protected":false},"featured_media":2246,"comment_status":"closed","ping_status":"closed","template":"","meta":{"_et_pb_use_builder":"","_et_pb_old_content":"","_et_gb_content_width":""},"product_brand":[],"product_cat":[17],"product_tag":[],"class_list":{"0":"post-2232","1":"product","2":"type-product","3":"status-publish","4":"has-post-thumbnail","6":"product_cat-laukut","8":"first","9":"instock","10":"taxable","11":"shipping-taxable","12":"purchasable","13":"product-type-variable"},"jetpack_sharing_enabled":true,"_links":{"self":[{"href":"https:\/\/today.fi\/index.php?rest_route=\/wp\/v2\/product\/2232","targetHints":{"allow":["GET"]}}],"collection":[{"href":"https:\/\/today.fi\/index.php?rest_route=\/wp\/v2\/product"}],"about":[{"href":"https:\/\/today.fi\/index.php?rest_route=\/wp\/v2\/types\/product"}],"replies":[{"embeddable":true,"href":"https:\/\/today.fi\/index.php?rest_route=%2Fwp%2Fv2%2Fcomments&post=2232"}],"wp:featuredmedia":[{"embeddable":true,"href":"https:\/\/today.fi\/index.php?rest_route=\/wp\/v2\/media\/2246"}],"wp:attachment":[{"href":"https:\/\/today.fi\/index.php?rest_route=%2Fwp%2Fv2%2Fmedia&parent=2232"}],"wp:term":[{"taxonomy":"product_brand","embeddable":true,"href":"https:\/\/today.fi\/index.php?rest_route=%2Fwp%2Fv2%2Fproduct_brand&post=2232"},{"taxonomy":"product_cat","embeddable":true,"href":"https:\/\/today.fi\/index.php?rest_route=%2Fwp%2Fv2%2Fproduct_cat&post=2232"},{"taxonomy":"product_tag","embeddable":true,"href":"https:\/\/today.fi\/index.php?rest_route=%2Fwp%2Fv2%2Fproduct_tag&post=2232"}],"curies":[{"name":"wp","href":"https:\/\/api.w.org\/{rel}","templated":true}]}}