{"id":2283,"date":"2026-01-03T10:14:03","date_gmt":"2026-01-03T08:14:03","guid":{"rendered":"https:\/\/today.fi\/?post_type=product&#038;p=2283"},"modified":"2026-02-18T13:51:14","modified_gmt":"2026-02-18T11:51:14","slug":"0301-sydankorvikset","status":"publish","type":"product","link":"https:\/\/today.fi\/?product=0301-sydankorvikset","title":{"rendered":"0301 Syd\u00e4nkorvikset"},"content":{"rendered":"<p>Ihanat syd\u00e4nkorvikset Bling-bling koristeilla.<\/p>\n<p>Taustalla normaali tappikiinnitys.<\/p>\n<p>Kevyt materiaali. Mielytt\u00e4v\u00e4 k\u00e4ytt\u00e4\u00e4.<\/p>\n<p>&nbsp;<\/p>\n","protected":false},"excerpt":{"rendered":"<p>Ihanat syd\u00e4nkorvikset Bling-bling koristeilla. Taustalla normaali tappikiinnitys. Kevyt materiaali. Mielytt\u00e4v\u00e4 k\u00e4ytt\u00e4\u00e4. &nbsp;<\/p>\n","protected":false},"featured_media":2281,"comment_status":"closed","ping_status":"closed","template":"","meta":{"_et_pb_use_builder":"","_et_pb_old_content":"","_et_gb_content_width":""},"product_brand":[],"product_cat":[18,38],"product_tag":[],"class_list":{"0":"post-2283","1":"product","2":"type-product","3":"status-publish","4":"has-post-thumbnail","6":"product_cat-asusteet","7":"product_cat-korut","9":"first","10":"instock","11":"taxable","12":"shipping-taxable","13":"purchasable","14":"product-type-variable"},"jetpack_sharing_enabled":true,"_links":{"self":[{"href":"https:\/\/today.fi\/index.php?rest_route=\/wp\/v2\/product\/2283","targetHints":{"allow":["GET"]}}],"collection":[{"href":"https:\/\/today.fi\/index.php?rest_route=\/wp\/v2\/product"}],"about":[{"href":"https:\/\/today.fi\/index.php?rest_route=\/wp\/v2\/types\/product"}],"replies":[{"embeddable":true,"href":"https:\/\/today.fi\/index.php?rest_route=%2Fwp%2Fv2%2Fcomments&post=2283"}],"wp:featuredmedia":[{"embeddable":true,"href":"https:\/\/today.fi\/index.php?rest_route=\/wp\/v2\/media\/2281"}],"wp:attachment":[{"href":"https:\/\/today.fi\/index.php?rest_route=%2Fwp%2Fv2%2Fmedia&parent=2283"}],"wp:term":[{"taxonomy":"product_brand","embeddable":true,"href":"https:\/\/today.fi\/index.php?rest_route=%2Fwp%2Fv2%2Fproduct_brand&post=2283"},{"taxonomy":"product_cat","embeddable":true,"href":"https:\/\/today.fi\/index.php?rest_route=%2Fwp%2Fv2%2Fproduct_cat&post=2283"},{"taxonomy":"product_tag","embeddable":true,"href":"https:\/\/today.fi\/index.php?rest_route=%2Fwp%2Fv2%2Fproduct_tag&post=2283"}],"curies":[{"name":"wp","href":"https:\/\/api.w.org\/{rel}","templated":true}]}}