{"id":455,"date":"2025-06-02T11:30:36","date_gmt":"2025-06-02T09:30:36","guid":{"rendered":"https:\/\/today.fi\/?post_type=product&#038;p=455"},"modified":"2026-03-25T14:18:10","modified_gmt":"2026-03-25T12:18:10","slug":"amppari-tossu","status":"publish","type":"product","link":"https:\/\/today.fi\/?product=amppari-tossu","title":{"rendered":"Amppari-tossu"},"content":{"rendered":"<p>Pinta: Synteettinen keinomateriaali.<\/p>\n<p>Pohja: TR-kumipohja<\/p>\n<p>Irrotettava, muotoiltu pohjallinen.<\/p>\n<p>Pohjan korkeus 4cm. P\u00e4ki\u00e4n korkeus 3 cm.<\/p>\n<p>Kaunis koriste ulkosyrj\u00e4ll\u00e4.<\/p>\n","protected":false},"excerpt":{"rendered":"<p>Pinta: Synteettinen keinomateriaali. Pohja: TR-kumipohja Irrotettava, muotoiltu pohjallinen. Pohjan korkeus 4cm. P\u00e4ki\u00e4n korkeus 3 cm. Kaunis koriste ulkosyrj\u00e4ll\u00e4.<\/p>\n","protected":false},"featured_media":413,"comment_status":"open","ping_status":"closed","template":"","meta":{"_et_pb_use_builder":"","_et_pb_old_content":"","_et_gb_content_width":""},"product_brand":[],"product_cat":[23],"product_tag":[],"class_list":{"0":"post-455","1":"product","2":"type-product","3":"status-publish","4":"has-post-thumbnail","6":"product_cat-kengat","8":"first","9":"instock","10":"taxable","11":"shipping-taxable","12":"purchasable","13":"product-type-variable"},"jetpack_sharing_enabled":true,"_links":{"self":[{"href":"https:\/\/today.fi\/index.php?rest_route=\/wp\/v2\/product\/455","targetHints":{"allow":["GET"]}}],"collection":[{"href":"https:\/\/today.fi\/index.php?rest_route=\/wp\/v2\/product"}],"about":[{"href":"https:\/\/today.fi\/index.php?rest_route=\/wp\/v2\/types\/product"}],"replies":[{"embeddable":true,"href":"https:\/\/today.fi\/index.php?rest_route=%2Fwp%2Fv2%2Fcomments&post=455"}],"wp:featuredmedia":[{"embeddable":true,"href":"https:\/\/today.fi\/index.php?rest_route=\/wp\/v2\/media\/413"}],"wp:attachment":[{"href":"https:\/\/today.fi\/index.php?rest_route=%2Fwp%2Fv2%2Fmedia&parent=455"}],"wp:term":[{"taxonomy":"product_brand","embeddable":true,"href":"https:\/\/today.fi\/index.php?rest_route=%2Fwp%2Fv2%2Fproduct_brand&post=455"},{"taxonomy":"product_cat","embeddable":true,"href":"https:\/\/today.fi\/index.php?rest_route=%2Fwp%2Fv2%2Fproduct_cat&post=455"},{"taxonomy":"product_tag","embeddable":true,"href":"https:\/\/today.fi\/index.php?rest_route=%2Fwp%2Fv2%2Fproduct_tag&post=455"}],"curies":[{"name":"wp","href":"https:\/\/api.w.org\/{rel}","templated":true}]}}