{"id":483,"date":"2025-06-02T12:40:20","date_gmt":"2025-06-02T10:40:20","guid":{"rendered":"https:\/\/today.fi\/?post_type=product&#038;p=483"},"modified":"2026-03-25T14:14:15","modified_gmt":"2026-03-25T12:14:15","slug":"8015-pitka-mekko","status":"publish","type":"product","link":"https:\/\/today.fi\/?product=8015-pitka-mekko","title":{"rendered":"8015 Pitk\u00e4 mekko"},"content":{"rendered":"<p>70% Viskoosi, 30% cotton.<\/p>\n<p>Hiha 3\/4. Hihan suussa kuminauha rypytys.<\/p>\n<p>Helmassa frilla. P\u00e4\u00e4ntiess\u00e4 V-aukko.<\/p>\n<p>L\/XL Kai-kai 55cm. Olka-helma 138cm.<\/p>\n<p>XL\/XXL Kai-kai 58cm. Olka-helma 138cm.<\/p>\n<p>Hihan ymp\u00e4rys 60cm.<\/p>\n<p>&nbsp;<\/p>\n<p>&nbsp;<\/p>\n<p>&nbsp;<\/p>\n","protected":false},"excerpt":{"rendered":"<p>70% Viskoosi, 30% cotton. Hiha 3\/4. Hihan suussa kuminauha rypytys. Helmassa frilla. P\u00e4\u00e4ntiess\u00e4 V-aukko. L\/XL Kai-kai 55cm. Olka-helma 138cm. XL\/XXL Kai-kai 58cm. Olka-helma 138cm. Hihan ymp\u00e4rys 60cm. &nbsp; &nbsp; &nbsp;<\/p>\n","protected":false},"featured_media":411,"comment_status":"open","ping_status":"closed","template":"","meta":{"_et_pb_use_builder":"","_et_pb_old_content":"","_et_gb_content_width":""},"product_brand":[],"product_cat":[25],"product_tag":[],"class_list":{"0":"post-483","1":"product","2":"type-product","3":"status-publish","4":"has-post-thumbnail","6":"product_cat-mekot","8":"first","9":"instock","10":"taxable","11":"shipping-taxable","12":"purchasable","13":"product-type-variable"},"jetpack_sharing_enabled":true,"_links":{"self":[{"href":"https:\/\/today.fi\/index.php?rest_route=\/wp\/v2\/product\/483","targetHints":{"allow":["GET"]}}],"collection":[{"href":"https:\/\/today.fi\/index.php?rest_route=\/wp\/v2\/product"}],"about":[{"href":"https:\/\/today.fi\/index.php?rest_route=\/wp\/v2\/types\/product"}],"replies":[{"embeddable":true,"href":"https:\/\/today.fi\/index.php?rest_route=%2Fwp%2Fv2%2Fcomments&post=483"}],"wp:featuredmedia":[{"embeddable":true,"href":"https:\/\/today.fi\/index.php?rest_route=\/wp\/v2\/media\/411"}],"wp:attachment":[{"href":"https:\/\/today.fi\/index.php?rest_route=%2Fwp%2Fv2%2Fmedia&parent=483"}],"wp:term":[{"taxonomy":"product_brand","embeddable":true,"href":"https:\/\/today.fi\/index.php?rest_route=%2Fwp%2Fv2%2Fproduct_brand&post=483"},{"taxonomy":"product_cat","embeddable":true,"href":"https:\/\/today.fi\/index.php?rest_route=%2Fwp%2Fv2%2Fproduct_cat&post=483"},{"taxonomy":"product_tag","embeddable":true,"href":"https:\/\/today.fi\/index.php?rest_route=%2Fwp%2Fv2%2Fproduct_tag&post=483"}],"curies":[{"name":"wp","href":"https:\/\/api.w.org\/{rel}","templated":true}]}}