{"id":499,"date":"2025-06-02T21:23:25","date_gmt":"2025-06-02T19:23:25","guid":{"rendered":"https:\/\/today.fi\/?post_type=product&#038;p=499"},"modified":"2025-06-02T21:23:25","modified_gmt":"2025-06-02T19:23:25","slug":"crossbody-laukku","status":"publish","type":"product","link":"https:\/\/today.fi\/?product=crossbody-laukku","title":{"rendered":"Crossbody laukku"},"content":{"rendered":"<p>Materiaali: Keinomateriaali<\/p>\n<p>Vuori: Tekstiili<\/p>\n<p>S\u00e4\u00e4dett\u00e4v\u00e4 tekstiilihihna<\/p>\n<p>Mukana pieni irrottettava py\u00f6re\u00e4 pussukka.<\/p>\n<p>Leveys: 26cm<\/p>\n<p>Korkeus: 16cm<\/p>\n","protected":false},"excerpt":{"rendered":"<p>Materiaali: Keinomateriaali Vuori: Tekstiili S\u00e4\u00e4dett\u00e4v\u00e4 tekstiilihihna Mukana pieni irrottettava py\u00f6re\u00e4 pussukka. Leveys: 26cm Korkeus: 16cm<\/p>\n","protected":false},"featured_media":360,"comment_status":"open","ping_status":"closed","template":"","meta":{"_et_pb_use_builder":"","_et_pb_old_content":"","_et_gb_content_width":""},"product_brand":[],"product_cat":[17],"product_tag":[],"class_list":{"0":"post-499","1":"product","2":"type-product","3":"status-publish","4":"has-post-thumbnail","6":"product_cat-laukut","8":"first","9":"instock","10":"taxable","11":"shipping-taxable","12":"purchasable","13":"product-type-variable"},"jetpack_sharing_enabled":true,"_links":{"self":[{"href":"https:\/\/today.fi\/index.php?rest_route=\/wp\/v2\/product\/499","targetHints":{"allow":["GET"]}}],"collection":[{"href":"https:\/\/today.fi\/index.php?rest_route=\/wp\/v2\/product"}],"about":[{"href":"https:\/\/today.fi\/index.php?rest_route=\/wp\/v2\/types\/product"}],"replies":[{"embeddable":true,"href":"https:\/\/today.fi\/index.php?rest_route=%2Fwp%2Fv2%2Fcomments&post=499"}],"wp:featuredmedia":[{"embeddable":true,"href":"https:\/\/today.fi\/index.php?rest_route=\/wp\/v2\/media\/360"}],"wp:attachment":[{"href":"https:\/\/today.fi\/index.php?rest_route=%2Fwp%2Fv2%2Fmedia&parent=499"}],"wp:term":[{"taxonomy":"product_brand","embeddable":true,"href":"https:\/\/today.fi\/index.php?rest_route=%2Fwp%2Fv2%2Fproduct_brand&post=499"},{"taxonomy":"product_cat","embeddable":true,"href":"https:\/\/today.fi\/index.php?rest_route=%2Fwp%2Fv2%2Fproduct_cat&post=499"},{"taxonomy":"product_tag","embeddable":true,"href":"https:\/\/today.fi\/index.php?rest_route=%2Fwp%2Fv2%2Fproduct_tag&post=499"}],"curies":[{"name":"wp","href":"https:\/\/api.w.org\/{rel}","templated":true}]}}