{"id":573,"date":"2025-06-03T19:49:26","date_gmt":"2025-06-03T17:49:26","guid":{"rendered":"https:\/\/today.fi\/?post_type=product&#038;p=573"},"modified":"2026-03-25T14:12:14","modified_gmt":"2026-03-25T12:12:14","slug":"036-mekko-tunika","status":"publish","type":"product","link":"https:\/\/today.fi\/?product=036-mekko-tunika","title":{"rendered":"036 Mekko\/Tunika"},"content":{"rendered":"<p>100% puuvilla.<\/p>\n<p>OneSize (38-42).<\/p>\n<p>Napit edess\u00e4. Salsa helma.<\/p>\n<p>Kaunis brodeeraus kuvio edess\u00e4.<\/p>\n<p>Kivat hihat.<\/p>\n<p>Kai-kai 60cm.<\/p>\n<p>Olka-helma 90cm.<\/p>\n<p>Hihan ymp\u00e4rysmitta 84cm.<\/p>\n","protected":false},"excerpt":{"rendered":"<p>100% puuvilla. OneSize (38-42). Napit edess\u00e4. Salsa helma. Kaunis brodeeraus kuvio edess\u00e4. Kivat hihat. Kai-kai 60cm. Olka-helma 90cm. Hihan ymp\u00e4rysmitta 84cm.<\/p>\n","protected":false},"featured_media":551,"comment_status":"open","ping_status":"closed","template":"","meta":{"_et_pb_use_builder":"","_et_pb_old_content":"","_et_gb_content_width":""},"product_brand":[],"product_cat":[25],"product_tag":[],"class_list":{"0":"post-573","1":"product","2":"type-product","3":"status-publish","4":"has-post-thumbnail","6":"product_cat-mekot","8":"first","9":"instock","10":"taxable","11":"shipping-taxable","12":"purchasable","13":"product-type-variable"},"jetpack_sharing_enabled":true,"_links":{"self":[{"href":"https:\/\/today.fi\/index.php?rest_route=\/wp\/v2\/product\/573","targetHints":{"allow":["GET"]}}],"collection":[{"href":"https:\/\/today.fi\/index.php?rest_route=\/wp\/v2\/product"}],"about":[{"href":"https:\/\/today.fi\/index.php?rest_route=\/wp\/v2\/types\/product"}],"replies":[{"embeddable":true,"href":"https:\/\/today.fi\/index.php?rest_route=%2Fwp%2Fv2%2Fcomments&post=573"}],"wp:featuredmedia":[{"embeddable":true,"href":"https:\/\/today.fi\/index.php?rest_route=\/wp\/v2\/media\/551"}],"wp:attachment":[{"href":"https:\/\/today.fi\/index.php?rest_route=%2Fwp%2Fv2%2Fmedia&parent=573"}],"wp:term":[{"taxonomy":"product_brand","embeddable":true,"href":"https:\/\/today.fi\/index.php?rest_route=%2Fwp%2Fv2%2Fproduct_brand&post=573"},{"taxonomy":"product_cat","embeddable":true,"href":"https:\/\/today.fi\/index.php?rest_route=%2Fwp%2Fv2%2Fproduct_cat&post=573"},{"taxonomy":"product_tag","embeddable":true,"href":"https:\/\/today.fi\/index.php?rest_route=%2Fwp%2Fv2%2Fproduct_tag&post=573"}],"curies":[{"name":"wp","href":"https:\/\/api.w.org\/{rel}","templated":true}]}}